= 39. Calculate the remainder when 35 is divided by f.
3
Suppose o + z = 5*o - 8, -21 = -5*o + 4*z. Suppose o = l - 1. Let q(a) = 7*a**3 - a - 2. What is the remainder when q(l) is divided by 18?
16
Let s be 2/3*3 + 0. Let m = 5 - s. Suppose i = -4 + 5, -m*h + i + 17 = 0. Calculate the remainder when 17 is divided by h.
5
Let h(g) = -10*g**3 - 3*g**2 - 2*g - 1. What is the remainder when 18 is divided by h(-1)?
2
Suppose 3*q + 13*b - 360 = 17*b, b - 360 = -3*q. What is the remainder when q is divided by 75?
45
What is the remainder when -412*(-7 + 54/8) is divided by 15?
13
Suppose -5*c + 4*m + 485 = -m, 291 = 3*c + 2*m. What is the remainder when 773 is divided by c?
94
Suppose -4*u + 6 = -p - 15, p = 2*u - 19. Let d = 17 + p. What is the remainder when 5 is divided by (1 + d)/((-3)/(-6))?
1
Let i(b) = b**2 + 13*b + 1. Let x be i(-13). Let y(m) = 10*m**2 + m - 1. Let r be y(x). Suppose 0 = z - r + 7. Calculate the remainder when 5 is divided by z.
2
Let q be 0 + (-1 - -3) + 92*5. Let t(z) = -z**3 + 5*z**2 - 3*z + 3. What is the remainder when ((-5)/(15/8))/((-28)/q) is divided by t(3)?
8
Let z(q) = -q**3 - 16*q**2 - 18*q - 8. Let f be ((-2)/(-4))/((-177)/(-90) + -2). Calculate the remainder when z(f) is divided by 8.
5
Suppose 20*x = 19*x + 16. What is the remainder when 30 is divided by x?
14
Let u = -605 - -647. What is the remainder when 755 is divided by u?
41
Suppose -4*c + 101 = 1. Suppose 122*w - 34*w - 916 - 316 = 0. What is the remainder when c is divided by w?
11
Let t = 338 - 21. What is the remainder when t is divided by 23?
18
Suppose 0 = -4*y + o + 60, 3*y - 4*o - 25 = 7. Let k = y - 9. Calculate the remainder when 39 is divided by k.
4
Suppose d = 5*y - 68, 0*y - y - 3*d + 20 = 0. Let s = y - 2. Calculate the remainder when 21/(-4)*(3 + -7) is divided by s.
9
Suppose 3*d + 12847 = -13*i + 18*i, 5141 = 2*i + d. What is the remainder when i is divided by 83?
80
Suppose 19 = 5*z + 4. Suppose -o - 4*a - 42 = -3*o, -53 = -5*o - z*a. Suppose -5*g + 5 = -2*m, m + 4*g - 1 = 16. What is the remainder when o is divided by m?
3
Let s(r) = r**3 - 6*r**2 - 4*r - 7. Let m(p) = 31*p**3 + 2*p**2 - p. Let d be m(1). Let a = d - -22. Calculate the remainder when a is divided by s(7).
12
Let v be (-8)/(-4) + -1 + 2 - 3. Suppose v = 3*f - 44 - 22. Calculate the remainder when 65 is divided by f.
21
Let v(g) = g**3 + 11*g**2 - 5*g + 66. What is the remainder when v(-11) is divided by 32?
25
Calculate the remainder when 179 is divided by 25/(-5) + 3 + 61 + 2.
57
Let w(b) = -2*b**2 - b + 24. What is the remainder when 30 is divided by w(-3)?
3
Let f be ((-1)/(-2))/((0 - 3)/(-36)). Calculate the remainder when (2 - 23/3)*f/(-2) is divided by 5.
2
Suppose -59*u = -5*g - 60*u + 948, -5*u - 930 = -5*g. What is the remainder when g is divided by 34?
19
Suppose 53*b - 50*b - 18 = 0. Suppose 0 = -2*k + 6*k - 232. Suppose -23 = -3*d + k. Calculate the remainder when d is divided by b.
3
Suppose 0 = i + 5, 0 = 5*m - 0*i + 4*i - 290. Suppose -3*s = 3*c - 51, -34 = 14*c - 16*c - s. What is the remainder when m is divided by c?
11
Suppose -3*h = 0, c - 3*h = 9 + 2. Let g = c + -8. Suppose 0 = -g*q + 6*q - 57. Calculate the remainder when 74 is divided by q.
17
Let x(h) = h + 53. What is the remainder when x(-6) is divided by 3 - -1 - (-39)/3?
13
Let h(s) = 6*s**2 + 36*s - 292. What is the remainder when h(10) is divided by 16?
12
Let b(c) = 15 + 6*c - 35 + 24. What is the remainder when b(6) is divided by 11?
7
Let t = 77 - -7. Calculate the remainder when t is divided by 26.
6
Let x(t) = -14*t**2 + t**2 - 1 + 68*t**3 + 13*t**2. Calculate the remainder when x(1) is divided by 10.
7
Suppose 32*r + 6534 = 54*r. Calculate the remainder when r is divided by 57.
12
Let p = -21 + 31. Let r be (-13)/65 - (-2)/p. What is the remainder when 21 is divided by r + -1 + (-45)/(-5)?
5
Suppose 2*g + g - 4*o = 364, -g - 10*o = -144. Let n = 2 + 23. Calculate the remainder when g is divided by n.
24
Suppose -34 + 10 = -a. Suppose -q - 16 + 29 = 0. Calculate the remainder when a is divided by q.
11
Suppose -11*m + 962 + 2547 = 0. What is the remainder when m is divided by 44?
11
Let w(p) = -6*p**2 + 21*p + 154. Let c(b) = 7*b - 1. Let i be c(-3). Let o = -11 - i. What is the remainder when o is divided by w(7)?
4
What is the remainder when 2*5 - (-2 - -4) is divided by 0 + (-10*3)/(-6)?
3
Let c(d) = -16*d - 1. Suppose -45*t = -58*t + 143. What is the remainder when c(-1) is divided by t?
4
Calculate the remainder when 166 is divided by (1950/(-14))/(-3) - (-63)/(-147).
28
Suppose 0 = -2*d + t + 151, 3*t - 166 + 27 = -2*d. Suppose d + 178 = 4*z. What is the remainder when z is divided by 22?
19
Let q(t) = t**3 - 38*t + 6. Calculate the remainder when 178 is divided by q(-6).
16
Let j(n) = -n**3 - 19*n**2 + 23*n + 74. What is the remainder when 67 - -1*0/1 is divided by j(-20)?
11
Suppose 2*w - 90 = -4*w. What is the remainder when w is divided by 10?
5
Let w(h) = -h**2 - 2*h + 3. Let q(x) = 3*x - 3. Let o be q(0). Let b be w(o). What is the remainder when (58 - (-3 + b)) + -3 is divided by 12?
10
What is the remainder when 98 is divided by (-1)/6*21*(-12 - -2)?
28
Suppose 2*s = -3*u + 181, 2 = 4*u - 10. Suppose -5*r - s = -3*l, 0*l - 5*r = 5*l - 170. What is the remainder when l is divided by 9?
5
Suppose 2*h - 5 - 17 = 4*i, 3*h = 4*i + 25. Suppose -2*m = 2*w - 16, 5*m - 8 = -h. Let l = -104 - -124. What is the remainder when l is divided by w?
6
Suppose 3*y + n + 29 = 0, -y + 6 = -3*n - 1. What is the remainder when (156/y)/((-2)/8) is divided by 17?
10
Let f = 81 - -20. What is the remainder when f is divided by 52?
49
Let f = -6 - -27. Suppose -4*k + 18 = -3*k - 4*a, 3*a = -2*k + 69. Let w = k - f. What is the remainder when 35 is divided by w?
8
Suppose -4*b - q - 163 = -9*b, 2*b = 3*q + 73. What is the remainder when 113 is divided by b?
17
Let s(x) = -x**3 + 4*x**2 - 3*x + 6. Let u be s(3). Suppose 11 = 2*z - 5*d, -z + 3*d + u = d. What is the remainder when 22 is divided by z?
6
What is the remainder when (2/(-45)*-9)/((-6)/(-195)) is divided by 12?
1
Suppose 0 = 3*p + 2*b - 7 - 30, -4*b = 5*p - 65. Let g = 16 - p. Suppose -47 = -2*h + g. Calculate the remainder when 53 is divided by h.
26
Suppose -162 = -5*t - p + 430, 0 = 2*t + 5*p - 223. Suppose 205 = t*f - 114*f. What is the remainder when f is divided by 26?
15
Suppose 2*x - 37 = x + 2*c, -4*c - 47 = -x. What is the remainder when 43 is divided by x?
16
Suppose 0 = 45*l - 39*l - 474. Suppose -f = -0*f - 17. Calculate the remainder when l is divided by f.
11
Suppose 2129*y - 2126*y - 205 = 92. Let l = 20 - 10. What is the remainder when y is divided by l?
9
Suppose 4*c - 272 = -4*y, -5*y + 2*c + 0*c + 312 = 0. Suppose -11*g = -3*g + y. Calculate the remainder when 414/(-12)*g/6 is divided by 16.
14
Let t(n) = n**2 - 8*n + 8. Let d = 73 - 51. Let v = -14 + d. What is the remainder when 14 is divided by t(v)?
6
What is the remainder when 96 is divided by 86/5 - 7/(-105)*-3?
11
Let n(l) = 3*l + 2. Suppose 0 = -4*c - 5*k + 188, 25*c = 24*c - 3*k + 40. Calculate the remainder when c is divided by n(4).
10
Suppose -5*l - 2*w = -62, 4*w + 41 = 3*l + 9. Let d = 6 + -8. Let m = d + l. What is the remainder when 17 is divided by m?
7
What is the remainder when 186 is divided by -90*3*(-2)/18 - -2?
26
Let w(k) = -k**3 - 3*k**2 + 11*k + 14. What is the remainder when 33 is divided by w(-5)?
6
Let g = -16 + 29. Suppose -g - 44 = -b. Suppose 0 = -3*w + 24 + b. What is the remainder when w is divided by 7?
6
Suppose -20 + 165 = 5*z. What is the remainder when z*(10/(-5))/(-2) is divided by 10?
9
Let f(a) = 4*a**2 + 12*a + 10. Let g be f(-8). Let d = g + -95. Let u = 85 - 66. What is the remainder when d is divided by u?
18
Let t(a) = 9*a. Let k = -9 + 6. What is the remainder when t(1) is divided by (20/(-6))/(2/k)?
4
Let f(k) = -k**2 + 4*k + 3. Let u be f(4). What is the remainder when 37 is divided by u + (-3)/(2 - (-51)/(-21))?
7
Suppose 5*u + 6*u - 253 = 0. What is the remainder when 38 is divided by u?
15
Calculate the remainder when 153 is divided by ((-1)/(-2))/((-93)/96 - -1).
9
Suppose q + 3896 = 3904. What is the remainder when 2975 is divided by q?
7
Suppose 0 = 4*c - d - 168, 2*c + 55 = 3*c + 3*d. Calculate the remain